j + 4377 = q. Is j a prime number?
True
Let t(c) = -2786*c**3 - 15*c**2 - 3*c - 5. Is t(-2) a composite number?
False
Let h = 24175 + -16764. Is h prime?
True
Suppose -299869 = -15*j + 11*j + 3*x, 2*j - 149915 = -5*x. Suppose -2*k = -2*r - 19552, j - 26055 = 5*k + r. Is k composite?
False
Let i = -21139 + 41156. Is i a prime number?
False
Let b = 75448 + 34561. Is b a prime number?
False
Suppose -42*t + 13*t + 492168 = -17*t. Is t composite?
True
Suppose 5*z - 387802 = 2*f + 202013, -z - 4*f + 117941 = 0. Is z a composite number?
True
Suppose -44344*i = -44406*i + 56682074. Is i a prime number?
False
Let c(k) = -6*k**3 - 8*k**2 - 13*k + 15. Let p be (-8)/(-2) + -3*(2 + -3). Let h be c(p). Let b = h - -6319. Is b prime?
True
Suppose 50*i = 55*i + 50. Let l = i + 6683. Is l composite?
False
Suppose -4*u + 0 - 1 = -3*x, -u + 4*x = -3. Let n(h) = -36*h. Let z(k) = 468*k + 1. Let q(b) = -4*n(b) - z(b). Is q(u) composite?
True
Let t be (-6)/12*8 - -13553. Suppose -q = -18*q + t. Is q composite?
False
Let u be ((-1)/((-8)/318))/(22/4224). Let p = u + -5351. Is p prime?
True
Let t(y) = -4956*y**3 - 20*y**2 - 85*y + 17. Is t(-4) composite?
True
Let q(z) = 144*z**2 - z - 1. Let t = 3 + 0. Suppose t*a - 10 = -2*a. Is q(a) a prime number?
False
Suppose 4*i = -5*p + 14 + 21, -4*i - 75 = -5*p. Suppose p*d - 4*d = -25725. Let s = -2393 - d. Is s a composite number?
True
Let f be (-4)/(-16) + (-2682)/8. Let b = 558 + f. Is b a prime number?
True
Suppose p + p + p = 0. Suppose -2*s = -q - 4414, 0 = -4*q - p*q. Is (s/(-4) - -1)*(1 - 5) composite?
False
Suppose 5*y - 3*r - 8 = 18, -y = 5*r - 22. Suppose -18 = -y*x - 2*x. Is x/2 + (-1264)/(-4) composite?
False
Let b(w) = w + 9. Let h be b(-15). Let g be 193 + 6/(h/5). Suppose a - g = 149. Is a a prime number?
True
Let i = 58956 + -2387. Is i a composite number?
False
Let t(c) = 8*c**3 - 14*c**2 + 3*c - 2. Let f be t(2). Suppose -f*s = -13*s + 4513. Is s composite?
False
Is (1 + (-2445164)/(-8))*-10*7/(-35) a composite number?
False
Is 8/24*((2053780 - 3) + -4) prime?
False
Suppose 26*j - 3*t - 23109 = 23*j, -7703 = -j - 3*t. Let o = -5072 + j. Is o a prime number?
False
Suppose 2*d - 2*u = 3*u + 413, 0 = -d + 3*u + 206. Suppose -36589 = 202*c - d*c. Is c prime?
True
Is 36/99 + (-102636135)/(-99) prime?
True
Suppose -10*u = -13*u. Suppose i + 2*i - 9 = u. Suppose -4956 = -3*j + 5*x, i*x - 1666 = -j - 0*x. Is j a prime number?
True
Let k be (-7)/(-14) - 26/4. Let t be ((-15)/10)/(k/2528). Suppose 0 = -4*w - 4*g + t, -2*g + 633 = 4*w + g. Is w a prime number?
False
Let r be -2*10*5/(-20). Suppose 11326 + 16964 = -r*a. Is (18/(-54))/(2/a) a prime number?
False
Let g(b) = 21 - b**2 + 29 - 20 - 12*b. Let w be g(-14). Suppose 0 = -3*a + 2*r + 175, -w*r - 2*r + 299 = 5*a. Is a prime?
True
Let f(i) = -166*i**2 - 15*i + 59. Let a(k) = 83*k**2 + 8*k - 30. Let v(z) = -11*a(z) - 6*f(z). Is v(-5) a prime number?
False
Let k be 16/(-6) + 6/(-18) + 5. Is 2 + (-1)/(k/(-11166)) composite?
True
Let c be ((-16)/(-20))/((-1)/(-10)). Suppose -c*v + 83792 = 12696. Is v composite?
False
Suppose -2*n - 226158 = -a + 941795, -4*a - 4*n = -4671812. Is a a prime number?
True
Let j(b) = 28*b + 9545. Let y be j(0). Let w = -3298 + y. Is w a composite number?
False
Suppose 3 = r - 5*k, 7*r - 8*r - 5*k + 33 = 0. Is -6*(-45244)/r*12/16 a composite number?
False
Let f(l) be the third derivative of -l**6/120 + 2*l**5/15 + l**4/3 + 13*l**3/6 - 12*l**2. Let u be f(9). Is -2 - (u/10 - 2414/10) a composite number?
False
Let k(t) = 4*t**3 + 5*t**2 + 9*t - 30. Let f be k(10). Let v = 7931 - f. Is v composite?
False
Let n(l) = -4*l + 3. Let h be 4/(-10)*(7 + -187). Let i be ((-12)/7)/(h/14 + -5). Is n(i) a prime number?
False
Is (-20)/(260/(-859937)) + 1*2 prime?
False
Let w(r) be the first derivative of -22*r + 203/2*r**2 - 30. Is w(7) prime?
True
Let k = 14 - 5. Suppose 5*a + 2*i - 1712 = 0, -3*i + 1199 = 4*a - 179. Is a/k - (-14)/63 composite?
True
Let f(u) = 150*u**2 - 14*u + 7. Let h be (5 + -11)/(0 + -2). Is f(h) prime?
False
Suppose 13*d - 4110642 = 853473. Suppose 0 = -192*m + 177*m + d. Is m a composite number?
False
Let s be 24/2*((-5)/20)/(-1). Suppose -s*x = 3*y - 3360, 2*y + 563 = 4*x + 2785. Is y a composite number?
False
Suppose 16 = 4*r - 3*s, 3*s = 2*r - 5*r + 12. Let x = -2955 + 5084. Suppose r*m - 5427 = x. Is m composite?
False
Let p = 36638 - 24361. Is p composite?
False
Let n(s) = 2*s**3 - 171*s**2 - 383*s - 769. Is n(124) a prime number?
False
Let u = -3 - -5. Suppose 0 = u*l + 84 - 32. Is (-2 - 3442/(-6)) + l/39 a prime number?
True
Let u = 1080416 - 268617. Is u a prime number?
True
Let k be 1 - (-48)/30*(-10)/(-4). Suppose -5*b - 762 = -u + 2884, -k*u = -2*b - 18207. Is u composite?
True
Let g be (-4)/(-28) + 1 + (-24)/21. Suppose -6*j + 48 + 24 = g. Is 8115/2*j/18 a prime number?
False
Suppose 31*r + 0 = -0. Suppose 3753 = u - 2*b, r = -4*u + 2*b + 4589 + 10429. Is u prime?
False
Suppose 4*s + 0*s = -n - 18, 18 = 4*n - 2*s. Let x be (8/3)/(n/9870*5). Suppose 0 = 2*u - 10*u + x. Is u prime?
False
Suppose -2*q = -58*c + 56*c - 82152, 0 = 5*c + 25. Is q a composite number?
True
Suppose -115578 - 71295 = 3*a + 3*y, 4*a + 249158 = -y. Is a/(-39) - (100/(-26) - -4) a prime number?
True
Let i(r) = r**3 - 12*r**2 + 12*r - 9. Let o be i(11). Let c(k) = 8*k + 28*k**3 + 3*k**o + 6 - 32*k**3 + 0*k**2. Is c(-7) a composite number?
True
Let f(m) be the second derivative of 50*m**3/3 + 8*m**2 + 7*m. Let z be f(13). Suppose v - 657 = z. Is v a prime number?
True
Is (-612764)/((4/(-4))/(16/64)) a prime number?
True
Let o(r) be the first derivative of -r**4/4 - 10*r**3/3 - 9*r**2/2 - 5*r - 16. Suppose 3*s + 99 = -6*s. Is o(s) composite?
True
Let g = 2973 + -4632. Let x = -41 - g. Is x a composite number?
True
Let r(a) = a**3 + 10*a**2 + 6*a - 30. Let i be r(-9). Let o be i/(-9) - 2 - (-10)/15. Let j(k) = 1338*k**2 - 3*k - 4. Is j(o) a prime number?
False
Let x = -37 - -36. Let w be (-4 - x)/(1 - 0) - -3. Suppose 4*c - 4*s - 644 = w, -s - 624 = -4*c - 2*s. Is c a prime number?
True
Suppose -312 = -46*s + 33*s. Suppose -27*r + 1743 = -s*r. Is r a composite number?
True
Let v = 48169 + -33630. Suppose 27*y - v = -4*y. Is y prime?
False
Suppose -57*l = -53473 + 1090. Is l prime?
True
Suppose 28*t - 23*t = -3*a + 2229722, 2*a + 891892 = 2*t. Is t a prime number?
False
Let g(b) = 21*b - 8. Let i be g(3). Let z = -59 + i. Is 12/z + 4 + -2 + 1466 prime?
False
Let v be 3 - (3/1 + -189628 + -2). Suppose 40*l - 211210 = v. Is l prime?
False
Let d(x) = 35*x**2 + 2*x + 12. Let n be d(-4). Let w = 235 - n. Let q = w + 1128. Is q composite?
True
Let y = 19151 - -16908. Is y prime?
False
Suppose 5*l + 5*o = 122145, -2*o = -l + 4187 + 20248. Suppose -303*z + l = -292*z. Is z a prime number?
True
Let t(o) be the third derivative of 83*o**5/15 + o**4/12 + 79*o**3/6 + 2*o**2 - 5. Is t(-7) a composite number?
False
Suppose 0 = 4*n - 41876 + 11680. Suppose 0*s = 2*x + 3*s - n, -2*s = -10. Suppose 2*r + 0*b = 5*b + x, 0 = 2*r + 5*b - 3797. Is r a composite number?
True
Suppose 2*a - 5*a + 3*r + 383421 = 0, 0 = 4*a - 2*r - 511236. Is a composite?
True
Let z be 8/((-28)/7) - -4. Suppose z*f - 5052 = 5*d - 17419, -f - 7420 = -3*d. Is d composite?
False
Suppose -4*s = 3*p - 181465, -136106 = -774*s + 771*s + 5*p. Is s a composite number?
True
Suppose -3*x + 6 = -30. Let y be -502*(14/x - (-4)/(-6)). Let f = y - -709. Is f composite?
True
Let q = 84 + -79. Suppose q*u - 316 = -w, -16*w + 2*u + 330 = -15*w. Is w a prime number?
False
Let l = -34675 - -58644. Is l a composite number?
True
Let f be 1*-2*(-3 - (1 - -2)). Suppose 25*z = f*z + 25493. Is z a composite number?
True
Is 2412556*((-120)/(-96) - 1) a composite number?
True
Let l be (0 - 2) + 39*2. Let r = -1125 + 570. Let k = l - r. Is k a composite number?
False
Let m = -179 - -184. Suppose -5*f - 2137 = -3*y, -2880 = -4*y + 4*f - m*f. Is y a prime number?
True
Let h = -586 + 640. Suppose 0 = -h*l + 893719 + 270143. Is l a prime number?
False
Is (2359880/80 - (-1 + 4))/(4/8) a prime number?
True
Suppose z = 5*m - 9549, 87*m - 84*m - 5719 = -2*z. Is m a composite number?
True
Suppose -58025 = i + 6*t - 169146, -5*i + 5*t = -555745. Is i prime?
False
Suppose 385279 = 29*m + 124308. Is m composite?
False
Let s(a) =